**2 - 2 - s + 2*s + 3*s**2. Calculate v(k).
4
Let r(f) = f**2 - 30. Let y be r(6). Let k(p) = 7*p - 6. Let z(i) = i + 0*i - 2*i + 1. Let m(b) = y*z(b) + k(b). Determine m(2).
2
Suppose -31*t = -28*t + 3*b + 15, 0 = -5*t - 2*b - 22. Let x(l) be the first derivative of l**3/3 + 7*l**2/2 + l + 1. Determine x(t).
-11
Let l(o) be the second derivative of -1/2*o**3 + 1/6*o**4 + 1/20*o**5 + 3*o + 0 - 3/2*o**2. Let u = -77 - -74. What is l(u)?
-3
Let h(i) = -14*i + 16*i + 8 - i**2 - 6*i. Calculate h(-6).
-4
Suppose 0 = -16*x + 12*x + 8. Let b(v) = v**3 + 1 + 7*v - 8*v + 3*v + v**x. Let u(p) = p**2 + 2*p - 4. Let n be u(-3). What is b(n)?
-1
Let n(o) = o**3 - 5*o**2 + 5. Let d = 1 + 2. Let u(y) = y - 11 - 2*y - 2*y**d + 0*y + 10*y**2. Let r(c) = 13*n(c) + 6*u(c). Calculate r(6).
-1
Let g = -26 + 31. Let y(k) = -4*k - 8. Let d(x) = 5*x + 8. Let n(t) = g*d(t) + 6*y(t). Give n(8).
0
Let u(t) = 11*t**3 + 16*t**2 - 3*t - 12. Let p(l) = 4*l**3 + 6*l**2 - l - 4. Let m(a) = 8*p(a) - 3*u(a). Give m(0).
4
Let k be 1 - (-2 + -3)*1. Let g(b) = -b + 8. Let x(j) = -1. Let y(h) = -g(h) + 6*x(h). Give y(k).
-8
Let q(r) = -1. Suppose 4*g - 10 = -6. Let d(u) = -u + 1. Let p(a) = g*d(a) + 4*q(a). What is p(-5)?
2
Let p(l) = 11 - 345*l + 326*l + 0*l**2 + l**2. Determine p(18).
-7
Let l(d) be the first derivative of -2*d**3/3 + d**2 - d + 3. Let x(t) be the first derivative of l(t). Suppose -16 = 32*y - 24*y. Calculate x(y).
10
Let a be 5/5 + (-12)/(-3). Let j(d) = d**3 - 3*d**2 - 3*d - 5. Let k(o) = 2*o**3 - 6*o**2 - 5*o - 9. Let y(r) = a*j(r) - 3*k(r). What is y(3)?
2
Let u(x) = x**2 - x - 1. Let b be u(-2). Suppose -3*p = p + d + 302, 5*p + b*d = -370. Let j be 4/18 - p/(-18). Let n(k) = -k**2 - 6*k - 4. Calculate n(j).
4
Let m be ((-2)/2 - -1)*4/(-12). Let p(y) = -y**2 + 0*y**2 + m*y**2. Give p(-2).
-4
Suppose 0*k = -4*k - 12, -u + 4*k + 17 = 0. Let q = 2 - 0. Let y(m) = 6*m - 5*m**2 - 4 + 0*m**2 + 4*m**q. Give y(u).
1
Let w(m) = -m**2 + m + 1. Let y be (-1*(-1)/(-2))/(6/1488). Let v = 120 + y. Give w(v).
-19
Let q(o) = o**3 - 19*o**2 + 2*o - 36. Let i be q(19). Suppose 5*f = i*m + 3, -4*m - m + 4*f + 1 = 0. Let h(j) = 19*j**3 + 1. Give h(m).
20
Suppose -5*h = -4*h - 5. Suppose 0 = -5*k - 5*w, w = -h*k - 0*w + 20. Let c(i) = -4 - k*i + i - i + 6*i. Give c(0).
-4
Let s(b) = -b**2. Suppose 0 = -3*z - 2*z + 135. Suppose 23 = -4*r + z. Determine s(r).
-1
Let x(d) = 2*d + 7. Let g be x(6). Let o = g + -22. Let z(u) = 2*u. What is z(o)?
-6
Let l(f) = -f. Let s(k) = 4*k + 7. Let b(z) = 5*l(z) + s(z). Suppose -2*h + 57 = 7. Suppose -3*c + 8*c = h. Give b(c).
2
Let z(a) = -666*a + 5 - 5 + 669*a + 3 + 1. What is z(-5)?
-11
Let v(x) be the first derivative of x**4/4 - x**3/3 + x**2/2 + x - 3. Let y(w) = -2*w**3 - 2*w**2 - 3*w - 4. Let r(b) = -3*v(b) - y(b). Determine r(5).
1
Let z(p) = -2*p**2 - p + 1. Suppose 12*j + 30 = 17*j. Suppose 2*v - 3*o = 21, -v - j*o = -o + 9. Suppose 3*h + n = 2, 2*h - 5*n = h + v. Give z(h).
-2
Let i(h) = -4*h - 3*h + 6*h + 0*h - 8. Suppose -z - 4 = 4*f + f, -4*f + z + 4 = 0. Calculate i(f).
-8
Let q(k) = -k**3 - k**2 + k - 2. Let t be -220*(-2)/12 - 4/6. Let x be 3/(-5) + 1 + t/(-15). Give q(x).
0
Let b(v) = -75*v + 50 - 69*v + 206*v - 66*v. Determine b(12).
2
Let u(j) = -13750 - j + 3*j + 13735. What is u(11)?
7
Let v(w) be the second derivative of -w**5/20 + 7*w**4/6 - 7*w**3/3 + 9*w**2/2 - w + 238. Determine v(13).
-4
Let b(g) = -g + 13. Let r be b(7). Let n(w) = -8*w - 6*w**2 - 2 + 0*w + w**2 + 4*w**2 + 14*w. Give n(r).
-2
Suppose -8*q - 194 = -266. Let u(b) = b**2 - 8*b + 7. Calculate u(q).
16
Let g(p) = 2*p - 6. Suppose -235*h - 25 = -230*h. Determine g(h).
-16
Let r(i) = -i**3 + 7*i**2 - 13*i + 6. Let g(v) = -2*v**2 - 50*v + 4. Let j be g(-25). Give r(j).
2
Let w(i) = 20*i + 25. Let m(q) = 17*q + 23. Let s(c) = -6*m(c) + 5*w(c). What is s(-7)?
1
Let u(f) = 4*f - 3 - 2*f - 4*f. Suppose -3*n + 18 = -291. Suppose 99*l + 24 = n*l. Give u(l).
-15
Let o = 30 + -26. Let l(z) = -11 + o + 0*z + 3 - z. Give l(-4).
0
Let s(z) be the third derivative of z**8/20160 - z**7/840 - z**6/144 - 4*z**5/15 - 27*z**2. Let a(b) be the third derivative of s(b). What is a(6)?
-5
Let f(l) = -l - 3. Let o = 6 + -22. Let q = o + 12. Calculate f(q).
1
Suppose -4*n - 42 = -26. Let u(a) = 3*a + 9. Let h(s) = -3*s - 8. Let v(w) = w - 6. Let b be v(0). Let z(l) = b*h(l) - 5*u(l). Determine z(n).
-9
Suppose 307 = 5*i - 698. Let m(l) = 399*l - i*l + 10 - 197*l. What is m(-7)?
3
Suppose 8*x + 105 = 81. Let r(o) = -o**3 + o**2 + 5*o + 2. What is r(x)?
23
Let y(c) be the first derivative of c**4/4 - 4*c**3/3 - 5*c**2/2 - 2*c + 96. Determine y(5).
-2
Let s(v) = -v**3 + 5*v**2 + 7*v + 3. Suppose -2*i = t, -4*i + 30 + 6 = -4*t. Let p(g) = g**2 + 7*g + 12. Let f be p(t). Give s(f).
9
Let s(a) = a**2 - 4*a - 3. Let o be s(3). Let v(f) = 292*f**2 - 8*f + 6 - 293*f**2 - 2. Calculate v(o).
16
Let h(b) be the second derivative of b**5/20 + 11*b**4/12 + 4*b**3/3 - 7*b**2 - 4*b + 3. What is h(-10)?
6
Let x(m) = -m**3 + 14*m**2 + 14*m + 2. Let c = 673 + -658. Calculate x(c).
-13
Let a(g) be the first derivative of -g**4/4 - 8*g**3/3 - 4*g - 29. Suppose -4*o + 0*o = 2*s + 28, 0 = s - o + 5. Give a(s).
-4
Suppose -l - 3 = 0, 0*n = 2*n - 5*l - 45. Suppose -6*b = -3 - n. Let c(m) = -2*m**2 + 2*m. Give c(b).
-12
Suppose -j = -6 + 4. Let w be (6 - 6)/(-1 + j). Suppose -3*c + 0*c + 18 = w. Let g(p) = p**3 - 6*p**2 - p - 3. Calculate g(c).
-9
Let w(p) be the first derivative of 10*p**3/3 + 3*p**2 - 3*p - 44. Let j(f) = 20*f**2 + 10*f - 5. Let o(c) = -4*j(c) + 7*w(c). What is o(1)?
-9
Let y(g) be the second derivative of g**4/12 - g**3 - g**2/2 + 3*g. Let k be y(6). Let s(l) = -2. Let d(f) = -f**2 - f + 1. Let u(r) = d(r) + s(r). Give u(k).
-1
Let d(m) be the first derivative of 1/4*m**4 + 4*m + 5/2*m**2 - 4 + 5/3*m**3. Let z = 8 + -12. Give d(z).
0
Let l(i) = -i**2 - i + 6. Let z be l(-3). Let g(b) = -7*b**3 + 5*b**2 + 4. Let c(o) = 6*o**3 - 4*o**2 - 3. Let j(y) = 6*c(y) + 5*g(y). What is j(z)?
2
Let a(b) be the second derivative of b**4/24 - 2*b**3/3 + 37*b**2/2 + 57*b. Let m(r) be the first derivative of a(r). Let q be -1*1*(-2 - 1). What is m(q)?
-1
Let f(x) be the third derivative of x**5/10 - x**4/24 - x**3/6 + x**2. Let h be ((-8)/(-12))/(52/(-78)). Determine f(h).
6
Let h be ((-2)/(-6)*3 - 7) + 0. Let a(z) = -3*z - 14. Let k be a(h). Let s(d) = -d**3 + 3*d**2 + 3*d - 6. Give s(k).
-10
Let x(w) = -4*w - 11. Let h be x(-4). Suppose 0*k = i - 4*k + 25, 4*k = -h*i - 5. Let g(l) = l**3 + 6*l**2 + 3*l - 5. Calculate g(i).
5
Let v(c) be the third derivative of -c**5/30 + c**4/8 + c**3/6 - 56*c**2. Determine v(-2).
-13
Let q(z) = z**2 - 3*z + 6. Let s be q(3). Let p(m) = -7*m**3 + 4*m**3 + 2*m**3 - 1 + 7*m**2 - 8*m. Give p(s).
-13
Let s(n) = 19*n + 27*n - 50*n + n**2. Suppose r + 0 - 11 = -3*m, 2*r = 4. Calculate s(m).
-3
Let j(y) = 15*y**3 - 15*y**2 - 2*y + 20. Let l(w) = -7*w**3 + 7*w**2 + w - 10. Suppose -3*b + 17 = -22. Let p(n) = b*l(n) + 6*j(n). Determine p(0).
-10
Let l(r) = 12*r + 2. Let f(m) = 3*m**3 - 46*m**2 + 11*m + 59. Let x be f(15). What is l(x)?
-10
Let x be -2*(20/(-8) + 4). Let s be (-3)/(-2)*2/x. Let f(c) = -7*c**3 + 2*c**2 + c - 2. Let k(u) = -u**3 - u**2 + 1. Let t(o) = s*f(o) - 2*k(o). What is t(1)?
8
Let v(i) = -4*i - 4. Let z(g) = 3*g + 3. Let k(n) = 2*v(n) + 3*z(n). Suppose -2*w + h = -5*w + 19, 4*h + 9 = 5*w. Determine k(w).
6
Let d = 1913/4 + -478. Let n(b) be the first derivative of -3*b**2 - 4/3*b**3 + d*b**4 - 7*b + 12. Calculate n(5).
-12
Suppose 0 = -5*h + 3*w - 4, -2*h = 2*w + 34 - 42. Let l(o) = -8*o**3 - o**2 - o + 1. Calculate l(h).
-9
Let t(l) = l - 1. Let z be t(4). Let d(h) = 2*h**z - 5 + 0*h**3 - h**3 - 2*h + 5*h**2. Suppose -11*k + 0 = 55. Calculate d(k).
5
Let f(i) = -i - 7. Let m(t) = t**2 + 13*t + 50. Let w(p) = -5*f(p) - m(p). Determine w(-3).
0
Let q(g) = -g**3 - 13*g**2 - 16*g - 3. Let o(p) = -p**3 - 13*p**2 - 15*p - 3. Let y(m) = -4*o(m) + 3*q(m). Give y(-12).
3
Let z(g) = -4*g + 5. Let u(t) = t - 1. Let d(o) = -3*u(o) - z(o). Let s(w) = w**2 - 10*w + 3. Let y be s(10). Suppose -y*m = -5*m. Calculate d(m).
-2
Let q = -25415/24 - -1059. Let n(v) be the third derivative of 0*v - 3*v**2 - 3/2*v**3 + 0 - q*v**4. What is n(-5)?
-4
Let r = -482 + 488. Let